{"id":172,"date":"2025-02-26T18:48:25","date_gmt":"2025-02-26T17:48:25","guid":{"rendered":"https:\/\/www.spros.cz\/?page_id=172"},"modified":"2025-03-04T17:42:01","modified_gmt":"2025-03-04T16:42:01","slug":"kontakty","status":"publish","type":"page","link":"https:\/\/www.spros.cz\/?page_id=172","title":{"rendered":"Kontakty"},"content":{"rendered":"\t\t<div data-elementor-type=\"wp-post\" data-elementor-id=\"172\" class=\"elementor elementor-172\">\n\t\t\t\t<div class=\"elementor-element elementor-element-26ebafa e-flex e-con-boxed e-con e-parent\" data-id=\"26ebafa\" data-element_type=\"container\">\n\t\t\t\t\t<div class=\"e-con-inner\">\n\t\t\t\t<div class=\"elementor-element elementor-element-92accd3 elementor-widget elementor-widget-heading\" data-id=\"92accd3\" data-element_type=\"widget\" data-widget_type=\"heading.default\">\n\t\t\t\t<div class=\"elementor-widget-container\">\n\t\t\t\t\t<h2 class=\"elementor-heading-title elementor-size-default\">S pro S cz, spol. s r.o.<\/h2>\t\t\t\t<\/div>\n\t\t\t\t<\/div>\n\t\t\t\t<div class=\"elementor-element elementor-element-d960b65 elementor-widget elementor-widget-text-editor\" data-id=\"d960b65\" data-element_type=\"widget\" data-widget_type=\"text-editor.default\">\n\t\t\t\t<div class=\"elementor-widget-container\">\n\t\t\t\t\t\t\t\t\t<p>Okru\u017en\u00ed 385\u00a0<\/p><p>411 56 Bohu\u0161ovice nad Oh\u0159\u00ed<\/p>\t\t\t\t\t\t\t\t<\/div>\n\t\t\t\t<\/div>\n\t\t\t\t<div class=\"elementor-element elementor-element-40432b9 elementor-widget__width-initial elementor-widget elementor-widget-google_maps\" data-id=\"40432b9\" data-element_type=\"widget\" data-widget_type=\"google_maps.default\">\n\t\t\t\t<div class=\"elementor-widget-container\">\n\t\t\t\t\t\t\t<div class=\"elementor-custom-embed\">\n\t\t\t<iframe loading=\"lazy\"\n\t\t\t\t\tsrc=\"https:\/\/maps.google.com\/maps?q=Bohu%C5%A1ovice%20nad%20Oh%C5%99%C3%AD&#038;t=m&#038;z=10&#038;output=embed&#038;iwloc=near\"\n\t\t\t\t\ttitle=\"Bohu\u0161ovice nad Oh\u0159\u00ed\"\n\t\t\t\t\taria-label=\"Bohu\u0161ovice nad Oh\u0159\u00ed\"\n\t\t\t><\/iframe>\n\t\t<\/div>\n\t\t\t\t\t\t<\/div>\n\t\t\t\t<\/div>\n\t\t\t\t\t<\/div>\n\t\t\t\t<\/div>\n\t\t<div class=\"elementor-element elementor-element-efd03a5 e-flex e-con-boxed e-con e-parent\" data-id=\"efd03a5\" data-element_type=\"container\">\n\t\t\t\t\t<div class=\"e-con-inner\">\n\t\t\t\t<div class=\"elementor-element elementor-element-a42c5b7 elementor-widget elementor-widget-text-editor\" data-id=\"a42c5b7\" data-element_type=\"widget\" data-widget_type=\"text-editor.default\">\n\t\t\t\t<div class=\"elementor-widget-container\">\n\t\t\t\t\t\t\t\t\t<p>I\u010c: 27352609<\/p><p>DI\u010c: CZ27352609<\/p>\t\t\t\t\t\t\t\t<\/div>\n\t\t\t\t<\/div>\n\t\t\t\t\t<\/div>\n\t\t\t\t<\/div>\n\t\t<div class=\"elementor-element elementor-element-0edeb44 e-flex e-con-boxed e-con e-parent\" data-id=\"0edeb44\" data-element_type=\"container\">\n\t\t\t\t\t<div class=\"e-con-inner\">\n\t\t\t\t<div class=\"elementor-element elementor-element-66a0831 elementor-widget elementor-widget-text-editor\" data-id=\"66a0831\" data-element_type=\"widget\" data-widget_type=\"text-editor.default\">\n\t\t\t\t<div class=\"elementor-widget-container\">\n\t\t\t\t\t\t\t\t\t<p>E-mail: j.stanislavsky@spros.cz<\/p><p>Mob: +420 602 125 375<\/p>\t\t\t\t\t\t\t\t<\/div>\n\t\t\t\t<\/div>\n\t\t\t\t\t<\/div>\n\t\t\t\t<\/div>\n\t\t\t\t<\/div>\n\t\t","protected":false},"excerpt":{"rendered":"<p>S pro S cz, spol. s r.o. Okru\u017en\u00ed 385\u00a0 411 56 Bohu\u0161ovice nad Oh\u0159\u00ed I\u010c: 27352609 DI\u010c: CZ27352609 E-mail: j.stanislavsky@spros.cz Mob: +420 602 125 375<\/p>\n","protected":false},"author":1,"featured_media":0,"parent":0,"menu_order":0,"comment_status":"closed","ping_status":"closed","template":"","meta":{"footnotes":""},"class_list":["post-172","page","type-page","status-publish"],"yoast_head":"<!-- This site is optimized with the Yoast SEO plugin v24.5 - https:\/\/yoast.com\/wordpress\/plugins\/seo\/ -->\n<title>Kontakty -<\/title>\n<meta name=\"robots\" content=\"index, follow, max-snippet:-1, max-image-preview:large, max-video-preview:-1\" \/>\n<link rel=\"canonical\" href=\"https:\/\/www.spros.cz\/?page_id=172\" \/>\n<meta property=\"og:locale\" content=\"cs_CZ\" \/>\n<meta property=\"og:type\" content=\"article\" \/>\n<meta property=\"og:title\" content=\"Kontakty -\" \/>\n<meta property=\"og:description\" content=\"S pro S cz, spol. s r.o. Okru\u017en\u00ed 385\u00a0 411 56 Bohu\u0161ovice nad Oh\u0159\u00ed I\u010c: 27352609 DI\u010c: CZ27352609 E-mail: j.stanislavsky@spros.cz Mob: +420 602 125 375\" \/>\n<meta property=\"og:url\" content=\"https:\/\/www.spros.cz\/?page_id=172\" \/>\n<meta property=\"article:modified_time\" content=\"2025-03-04T16:42:01+00:00\" \/>\n<meta name=\"twitter:card\" content=\"summary_large_image\" \/>\n<meta name=\"twitter:label1\" content=\"Odhadovan\u00e1 doba \u010dten\u00ed\" \/>\n\t<meta name=\"twitter:data1\" content=\"1 minuta\" \/>\n<script type=\"application\/ld+json\" class=\"yoast-schema-graph\">{\"@context\":\"https:\/\/schema.org\",\"@graph\":[{\"@type\":\"WebPage\",\"@id\":\"https:\/\/www.spros.cz\/?page_id=172\",\"url\":\"https:\/\/www.spros.cz\/?page_id=172\",\"name\":\"Kontakty -\",\"isPartOf\":{\"@id\":\"https:\/\/www.spros.cz\/#website\"},\"datePublished\":\"2025-02-26T17:48:25+00:00\",\"dateModified\":\"2025-03-04T16:42:01+00:00\",\"breadcrumb\":{\"@id\":\"https:\/\/www.spros.cz\/?page_id=172#breadcrumb\"},\"inLanguage\":\"cs\",\"potentialAction\":[{\"@type\":\"ReadAction\",\"target\":[\"https:\/\/www.spros.cz\/?page_id=172\"]}]},{\"@type\":\"BreadcrumbList\",\"@id\":\"https:\/\/www.spros.cz\/?page_id=172#breadcrumb\",\"itemListElement\":[{\"@type\":\"ListItem\",\"position\":1,\"name\":\"Dom\u016f\",\"item\":\"https:\/\/www.spros.cz\/\"},{\"@type\":\"ListItem\",\"position\":2,\"name\":\"Kontakty\"}]},{\"@type\":\"WebSite\",\"@id\":\"https:\/\/www.spros.cz\/#website\",\"url\":\"https:\/\/www.spros.cz\/\",\"name\":\"Sproscz\",\"description\":\"V\u0161e pro st\u0159echy od A do Z\",\"potentialAction\":[{\"@type\":\"SearchAction\",\"target\":{\"@type\":\"EntryPoint\",\"urlTemplate\":\"https:\/\/www.spros.cz\/?s={search_term_string}\"},\"query-input\":{\"@type\":\"PropertyValueSpecification\",\"valueRequired\":true,\"valueName\":\"search_term_string\"}}],\"inLanguage\":\"cs\"}]}<\/script>\n<!-- \/ Yoast SEO plugin. -->","yoast_head_json":{"title":"Kontakty -","robots":{"index":"index","follow":"follow","max-snippet":"max-snippet:-1","max-image-preview":"max-image-preview:large","max-video-preview":"max-video-preview:-1"},"canonical":"https:\/\/www.spros.cz\/?page_id=172","og_locale":"cs_CZ","og_type":"article","og_title":"Kontakty -","og_description":"S pro S cz, spol. s r.o. Okru\u017en\u00ed 385\u00a0 411 56 Bohu\u0161ovice nad Oh\u0159\u00ed I\u010c: 27352609 DI\u010c: CZ27352609 E-mail: j.stanislavsky@spros.cz Mob: +420 602 125 375","og_url":"https:\/\/www.spros.cz\/?page_id=172","article_modified_time":"2025-03-04T16:42:01+00:00","twitter_card":"summary_large_image","twitter_misc":{"Odhadovan\u00e1 doba \u010dten\u00ed":"1 minuta"},"schema":{"@context":"https:\/\/schema.org","@graph":[{"@type":"WebPage","@id":"https:\/\/www.spros.cz\/?page_id=172","url":"https:\/\/www.spros.cz\/?page_id=172","name":"Kontakty -","isPartOf":{"@id":"https:\/\/www.spros.cz\/#website"},"datePublished":"2025-02-26T17:48:25+00:00","dateModified":"2025-03-04T16:42:01+00:00","breadcrumb":{"@id":"https:\/\/www.spros.cz\/?page_id=172#breadcrumb"},"inLanguage":"cs","potentialAction":[{"@type":"ReadAction","target":["https:\/\/www.spros.cz\/?page_id=172"]}]},{"@type":"BreadcrumbList","@id":"https:\/\/www.spros.cz\/?page_id=172#breadcrumb","itemListElement":[{"@type":"ListItem","position":1,"name":"Dom\u016f","item":"https:\/\/www.spros.cz\/"},{"@type":"ListItem","position":2,"name":"Kontakty"}]},{"@type":"WebSite","@id":"https:\/\/www.spros.cz\/#website","url":"https:\/\/www.spros.cz\/","name":"Sproscz","description":"V\u0161e pro st\u0159echy od A do Z","potentialAction":[{"@type":"SearchAction","target":{"@type":"EntryPoint","urlTemplate":"https:\/\/www.spros.cz\/?s={search_term_string}"},"query-input":{"@type":"PropertyValueSpecification","valueRequired":true,"valueName":"search_term_string"}}],"inLanguage":"cs"}]}},"_links":{"self":[{"href":"https:\/\/www.spros.cz\/index.php?rest_route=\/wp\/v2\/pages\/172","targetHints":{"allow":["GET"]}}],"collection":[{"href":"https:\/\/www.spros.cz\/index.php?rest_route=\/wp\/v2\/pages"}],"about":[{"href":"https:\/\/www.spros.cz\/index.php?rest_route=\/wp\/v2\/types\/page"}],"author":[{"embeddable":true,"href":"https:\/\/www.spros.cz\/index.php?rest_route=\/wp\/v2\/users\/1"}],"replies":[{"embeddable":true,"href":"https:\/\/www.spros.cz\/index.php?rest_route=%2Fwp%2Fv2%2Fcomments&post=172"}],"version-history":[{"count":41,"href":"https:\/\/www.spros.cz\/index.php?rest_route=\/wp\/v2\/pages\/172\/revisions"}],"predecessor-version":[{"id":445,"href":"https:\/\/www.spros.cz\/index.php?rest_route=\/wp\/v2\/pages\/172\/revisions\/445"}],"wp:attachment":[{"href":"https:\/\/www.spros.cz\/index.php?rest_route=%2Fwp%2Fv2%2Fmedia&parent=172"}],"curies":[{"name":"wp","href":"https:\/\/api.w.org\/{rel}","templated":true}]}}